 Let b = -9 + q. Calculate the remainder when 27 is divided by b.
13
Let q = -519 - -522. Let w be ((-4)/(-10))/((-2)/30). Let v(s) = -2*s - 7. Calculate the remainder when v(w) is divided by q.
2
Let o(y) = -6*y + 5. Calculate the remainder when o(-1) is divided by 1/((-2)/4*-1).
1
Suppose 40 = -21*f + 26*f. Let b = 38 + -36. Calculate the remainder when f is divided by b.
0
What is the remainder when 171 is divided by (3*150/105)/(1/14)?
51
Calculate the remainder when 11407/110 + 9/30 is divided by 22.
16
Let l(o) = -o**2 + 16*o + 20. Let i be l(17). Suppose -4*m = -8, -36 = -2*a + i*m - m. What is the remainder when a is divided by 7?
6
Suppose 0 = 5*u + 5*r - 40, 2*r = 2*u - 2*r + 14. Suppose 0 = -8*a + u*a + 405. What is the remainder when a is divided by 28?
25
Let u = 75 - 46. What is the remainder when 82 is divided by u?
24
Let j(w) = w**3 + 6*w**2 - 3*w + 30. What is the remainder when 10 is divided by j(-7)?
0
Let s(q) = -q**3 - 9*q**2 - 9*q - 8. Let d be s(-8). Suppose 0 = -d*f - 5*f + 525. What is the remainder when f is divided by ((-108)/10)/(0 - 6/15)?
24
Let b be -16*((-45)/(-10))/9. Let f(s) = 88*s - 4. Let k be f(-4). Calculate the remainder when k/b*(-6)/(-3) is divided by 23.
20
Calculate the remainder when (-10)/(-1)*8/140*77 is divided by 9.
8
What is the remainder when (-84 - 0)*(328/(-28) + 10) is divided by 7?
4
Let b be 5/(-10)*(-3 - 107). Suppose 25 = 5*l - b. Suppose -n + l = -4*w + 228, 5*n + 212 = 4*w. Calculate the remainder when w is divided by 14.
11
Suppose 2*h - 9*r - 392 = -7*r, 3*h + 5*r - 604 = 0. Calculate the remainder when h is divided by 12.
6
Let w(h) = -5*h + 22. Let v be w(5). Let t(d) = -3*d - 7. What is the remainder when t(v) is divided by 2?
0
Let l(o) = -o**3 + 13. Let z(k) = -k + 8. Let f be z(4). Suppose x + 2*c - 53 = -2*c, -21 = -x + f*c. Calculate the remainder when x is divided by l(0).
11
Let h = 8690 - 8595. Suppose -4*o + 0*r - 4*r = -36, 25 = -5*r. What is the remainder when h is divided by o?
11
Let w = 40 + -43. Let p(l) = l**3 + 4*l**2 - 2*l - 4. Let m(a) = 15*a + 1. What is the remainder when m(2) is divided by p(w)?
9
Let d(k) = 12*k + 2 + 2 + 18. Calculate the remainder when d(5) is divided by 21.
19
Suppose 5*l + 45 = -4*f, -2*l - 3*f + f - 18 = 0. What is the remainder when 33 is divided by l/27 + (1 - 98/(-6))?
16
Let h = 17 - -2. Let o = 135 - 130. What is the remainder when h is divided by o?
4
Let f(l) = -2*l**3 + l**2 + 3*l + 3. Suppose -6 = 2*c - 2. Calculate the remainder when f(c) is divided by 5.
2
Let d = -130 + 129. Let z(s) = 2*s**2 + 7*s**3 + 1 - 12*s**3 + 2*s - 8*s**3. Calculate the remainder when 53 is divided by z(d).
11
Suppose -16 = -3*f + 5. Let d(o) = -o**3 + 5*o**2 - 4*o + 4. Let u = -31 + 35. What is the remainder when f is divided by d(u)?
3
Let u(v) = -127*v**3 - 7*v - 6. Calculate the remainder when u(-1) is divided by 48.
32
Let j(k) = k**3 + 9*k**2 - 19*k - 78. Suppose 2*n + n + 1683 = 0. Calculate the remainder when n/(-27) - 6/(-27) is divided by j(-10).
9
Suppose 0 = -5*x + x + 40. Suppose 0 = -2*z + 115 + 39. Suppose 3*p = z - 23. What is the remainder when p is divided by x?
8
Let f(x) = -x**2 + 16*x - 13. Calculate the remainder when 129 is divided by f(15).
1
What is the remainder when 511 is divided by (0 + -172)*(1 - (-9)/(-6))?
81
Let u = 6 - 10. Suppose -11 = -h + 2. Calculate the remainder when h is divided by 1*2*(-10)/u.
3
Calculate the remainder when 82 is divided by (47 + -67)*4/(-6)*3.
2
Suppose 4*n - 1 = 59. Let g = -19 - -22. Suppose -g*w = 3*w - 258. What is the remainder when w is divided by n?
13
Let o = 98 - 49. Suppose 5 + 16 = 3*x. Let z = x + 10. What is the remainder when o is divided by z?
15
Let o(i) = 9*i - 121. Calculate the remainder when 29 is divided by o(16).
6
Let a = -36 + 62. What is the remainder when (60/9)/((-1)/(-12)) is divided by a + -2 - (-1 - -4)?
17
Suppose 2*z = -4*o + 136 - 32, 2*z - 4*o = 112. What is the remainder when 147 is divided by z?
39
Suppose -4*u - 4*a = -68, -u - 4*a + 32 = -0*u. Calculate the remainder when 71 is divided by u.
11
Suppose -2*b = -0*b - 34. Calculate the remainder when 99 is divided by b.
14
Suppose n = -3*l + 269, -19*n + 14*n = -5*l + 435. Calculate the remainder when l is divided by 18.
17
Calculate the remainder when 12*(12/24 - 0/(-1)) is divided by -1*(-1 + -1) + 2.
2
Let g be ((-5)/(-2) + -3)*0. Let a be ((-3)/6 + 0)*0. Suppose a = -g*b + 2*b - 38. Calculate the remainder when b is divided by 10.
9
Suppose -5*z + 8 = -7. Let t(o) = 6*o + 13. Let s be t(-4). Let j = -8 - s. What is the remainder when j is divided by z?
0
Let u(z) = z**3 - 10*z**2 + 9*z. Let x be u(9). Suppose -3*f + 5*k + 29 - 5 = x, f - 12 = 3*k. Calculate the remainder when 8 is divided by f.
2
Let u be 12/(2 - -1) - -101. Suppose u = 3*y - 3*q, -3*y - 2*y - 2*q + 161 = 0. Calculate the remainder when y is divided by 215/25 + 4/10.
6
Calculate the remainder when 15*-2*((-8)/5 + 1) is divided by 11.
7
Let b = 124 + -53. Suppose 6 = -3*c, -4*w - w + b = -3*c. Calculate the remainder when w is divided by 5.
3
Suppose 2*u - 2*p = 4*u - 4, -3*p = -5*u + 10. Suppose -u*i + 5 = -25. What is the remainder when 72 is divided by i?
12
Suppose 4*y + 93*x - 368 = 89*x, -3*y + 3*x + 270 = 0. Calculate the remainder when 281 is divided by y.
8
Let m(n) = -2*n - n - n + n - 1. Let l be m(-1). Suppose 2*u + 10 = 0, -3*q + 20 = 2*q + l*u. Calculate the remainder when q is divided by 2.
0
Suppose -10*w + 15*w - 95 = 2*z, -38 = -2*w - 5*z. Calculate the remainder when w is divided by 8.
3
Let z be -3 + (-3 - (-12 + -4)). Let b = 26 + -13. What is the remainder when z/(-65) + 2424/39 is divided by b?
10
Let p(v) be the second derivative of v**5/20 + 9*v**4/4 + 9*v**3/2 + 15*v**2 - 4*v. Calculate the remainder when 34 is divided by p(-26).
2
Let r(y) = y + 105. What is the remainder when r(10) is divided by 30?
25
Let p(n) = n**3 + 12*n**2 + 9*n - 8. Let o(r) = r - 30. Let a be o(19). Calculate the remainder when 123 is divided by p(a).
11
Let r(g) be the third derivative of g**5/60 + 3*g**4/8 - g**3 + 21*g**2. What is the remainder when r(-11) is divided by 10?
6
Suppose 0 = -f - 3*y + 7*y + 22, 5*f - y - 34 = 0. Let n be ((-44)/6)/(3/(-9)). Let v = 0 + n. Calculate the remainder when v is divided by f.
4
Let v(u) = -u**3 + 9*u**2 - 8*u + 5. Let o be v(8). Suppose 0*c = o*c - 480. What is the remainder when c is divided by 11?
8
Let l be 8/(-24)*(-69 + 0). Suppose 0 = 2*s + 5*x + 25, -3*s + 3 = 4*x + l. Suppose s*c = 2*c - 58. Calculate the remainder when c is divided by 8.
5
Suppose -13*t = 33 + 97. Let g = -3 - t. What is the remainder when g is divided by -6*(-2)/3 - -1?
2
Let c(f) = -f**2 - 32*f - 250. Calculate the remainder when 23 is divided by c(-16).
5
Let i(a) = 16*a + 47. Calculate the remainder when i(10) is divided by 19.
17
Let i = 3540 + -3103. What is the remainder when i is divided by 111?
104
Let y be -1232*(-1)/5 - 6/15. Suppose 4*n = 0, 2*u = -u - 5*n + y. What is the remainder when u is divided by 21?
19
Let n = 402 + -279. Let o = n + -63. Let h(s) = -15*s**3 - 2*s - 1. Calculate the remainder when o is divided by h(-1).
12
Let g = -51 + 43. Calculate the remainder when 88/11*(-14)/g is divided by 8.
6
Suppose 16 = i - 13. Let f(c) = -c**2 - c - 2. Let q be f(4). Let b = -14 - q. Calculate the remainder when i is divided by b.
5
Let v = 586 + -561. Calculate the remainder when v is divided by 17.
8
Let w(c) = -5 - 20 - 136*c + 148*c. Suppose 10 = 5*n, n - 6 = -3*m + 44. Calculate the remainder when w(6) is divided by m.
15
Let v(s) = s**2 - 3*s + 280. Suppose 20 = 5*h, -3*q + 4 = h - 0. What is the remainder when v(q) is divided by 47?
45
Let r = 25 - 6. Calculate the remainder when r is divided by 16 - 2*(-30)/(-12).
8
Calculate the remainder when 138 is divided by (4 - 6)/(1*1/(-8)).
10
Let t be (-4)/(-5)*75/(-3). Let k = t - -37. Let m = -76 - -142. Calculate the remainder when m is divided by k.
15
Let l(x) = -2*x**2 - 37*x - 41. Calculate the remainder when l(-8) is divided by 67.
60
Let k = 37 + -8. Let g be (5 - 8)*(-2)/3. Suppose 4*r + 2*o - 41 = -3*o, -3*r = g*o - k. What is the remainder when 24 is divided by r?
6
Suppose -3*d + 15 = 2*d. Suppose d*h = h + 64. What is the remainder